
Let k(f) = 2*f**3 - 5*f**2 + f + 8. Calculate k(3).
20
Let f(y) = -y**2 - 2*y - 2. What is f(-7)?
-37
Let k(m) = -6*m - 1. Give k(-3).
17
Let o(v) = -2*v**2 + 40*v - 24. Give o(19).
14
Let i(l) = l**2 + 8*l - 5. Calculate i(-11).
28
Let m(d) = -d**3 + 20*d**2 - d + 64. Give m(20).
44
Let d(c) = c**3 - c**2 - 2*c - 53. Give d(0).
-53
Let m(l) = 5*l + 5. Determine m(4).
25
Let u(m) = -2*m**2 + 28*m - 16. Determine u(14).
-16
Let h(d) = d**2 - 5*d - 13. What is h(-3)?
11
Let k(z) = 2*z - 31. Determine k(17).
3
Let h(k) = 18*k + 82. What is h(-5)?
-8
Let l(m) = -82*m + 11. Calculate l(1).
-71
Let u(y) = 5*y - 3. What is u(3)?
12
Let s(p) = 4*p**2 - 6*p + 2. Give s(2).
6
Let f(h) = 7*h + 103. Give f(-15).
-2
Let f(h) = -5*h + 18. Give f(4).
-2
Let z(o) = -o**3 + 6*o**2 - 26*o + 105. Calculate z(5).
0
Let g(l) = -l**2 - 22*l - 94. Give g(-6).
2
Let x(i) = -i**3 + 9*i**2 - 9*i + 21. What is x(8)?
13
Let l(s) = s**2 + 3*s + 6. Calculate l(0).
6
Let v(h) = -h**3 - 7*h**2 + 2*h + 11. Determine v(-7).
-3
Let l(u) = u - 27. Determine l(8).
-19
Let u(n) = 16*n**2 - 4*n - 4. What is u(1)?
8
Let b(i) = -i**2 + 4*i - 3. Calculate b(7).
-24
Let u(p) = -p**3 + 5*p**2 + 2*p + 8. What is u(5)?
18
Let v(a) = a + 23. Determine v(-16).
7
Let z(l) = l**2 - 8*l - 1. Calculate z(8).
-1
Let y(h) = -h**2 - 35*h - 258. Calculate y(-25).
-8
Let u(f) = f**2 + f + 1. What is u(0)?
1
Let b(l) = l**3 - 30*l**2 - 60*l - 122. What is b(32)?
6
Let z(i) = -i**3 + 4*i**2 + 10*i + 10. Determine z(6).
-2
Let t(b) = b**2 - 9*b + 9. Give t(7).
-5
Let p(k) = -k + 1. Determine p(6).
-5
Let c(m) = m**3 - 2*m**2 - 7*m - 11. Determine c(4).
-7
Let y(p) = -p**2 + 3*p - 14. Determine y(3).
-14
Let a(c) = c**2 - 17*c + 18. Determine a(15).
-12
Let h(y) = -y + 29. What is h(4)?
25
Let a(d) = d**3 - 5*d**2 - 5*d - 10. Give a(6).
-4
Let p(w) = -w**2 - 10*w + 29. What is p(-12)?
5
Let u(i) = 2*i**2 - 28*i - 49. Calculate u(13).
-75
Let d(o) = o**2 - 8*o + 9. What is d(2)?
-3
Let j(k) = -k**2 + 6*k - 17. Calculate j(5).
-12
Let h(y) = y**2. Calculate h(-2).
4
Let v(m) = 77*m**3 - 5*m + 5. What is v(1)?
77
Let x(f) = 6*f - 2. What is x(-3)?
-20
Let b(j) = -j - 5. Determine b(-8).
3
Let f(d) = -d + 2. Calculate f(4).
-2
Let t(y) = -2*y + 22. Determine t(10).
2
Let p(w) = w**2 + 31*w + 31. What is p(-30)?
1
Let n(w) = w**3 - 6*w**2 - 16*w + 18. Calculate n(8).
18
Let y(a) = -a**3 + 16*a**2 + 3*a + 6. Calculate y(16).
54
Let o(u) = -3*u - 9. Give o(-4).
3
Let c(z) = 2*z + 6. Determine c(-6).
-6
Let r(v) = 7*v + 46. Give r(-6).
4
Let f(m) = -6*m + 62. Give f(9).
8
Let t(z) = -9*z**2 - z + 1. Give t(-2).
-33
Let w(z) = 3*z - 17. Determine w(4).
-5
Let z(w) = -w**3 + 6*w**2 + 9*w + 9. Calculate z(7).
23
Let u(t) = t - 13. Calculate u(-12).
-25
Let r(z) = 131*z + 1053. Calculate r(-8).
5
Let a(y) = 3*y**3 + 26*y**2 - 9*y - 2. What is a(-9)?
-2
Let y(q) = -6*q**3 - 3*q**2 - q. Calculate y(-2).
38
Let d(b) = b**2 + 11*b - 65. Determine d(5).
15
Let a(s) = s - 18. What is a(12)?
-6
Let c(r) = -r**2 - 30*r + 76. Determine c(-32).
12
Let j(o) = -5*o**2 - 4*o + 7. Determine j(2).
-21
Let k(m) = m**3 - 16*m**2 + 14*m + 31. Determine k(15).
16
Let n(t) = t + 8. Give n(-7).
1
Let t(d) = d**3 + 5*d**2 - 14*d - 13. Calculate t(-7).
-13
Let i(k) = 2*k**2 + 20*k + 46. Determine i(-6).
-2
Let x(g) = g**2 - 16*g - 4. Calculate x(13).
-43
Let g(c) = c**2 - 6*c - 12. Determine g(9).
15
Let r(m) = -m**2 + m + 89. What is r(-8)?
17
Let z(i) = i**2 + 6*i - 3. Give z(-7).
4
Let t(h) = -2*h**3 + 35*h**2 - 16*h - 8. Determine t(17).
9
Let z(w) = 32*w**3 + w. Determine z(-1).
-33
Let p(m) = m**3 - 13*m**2 + 12*m + 12. Determine p(12).
12
Let i(k) = -k + 11. Determine i(-7).
18
Let l(x) = -x**2 + 3*x - 1. What is l(4)?
-5
Let i(y) = -y**2 - 54*y + 44. Determine i(-55).
-11
Let c(i) = -6*i - 22. What is c(-5)?
8
Let q(v) = -v - 36. What is q(-22)?
-14
Let v(p) = p**2 + 10*p + 3. Give v(-7).
-18
Let v(l) = -8*l - 25. Give v(-2).
-9
Let k(f) = f**2 + 9*f - 1. Determine k(-10).
9
Let i(o) = o**2 + 16*o - 56. What is i(3)?
1
Let h(a) = 2*a**2 + 23*a + 17. Determine h(-11).
6
Let c(a) = a**3 - 5*a**2 + 2*a + 4. Calculate c(3).
-8
Let s(j) = 8*j - 52. Calculate s(7).
4
Let z(y) = y**3 - 11*y**2 - 29*y + 70. What is z(13)?
31
Let g(h) = h**2 + 6*h + 7. Give g(-5).
2
Let v(s) = s**2 + 6*s + 16. What is v(-4)?
8
Let b(c) = c**3 - c**2 - 42*c - 1. What is b(-6)?
-1
Let h(f) = -2*f - 49. Calculate h(-7).
-35
Let h(w) = -w**2 + 4*w + 79. What is h(10)?
19
Let l(s) = -s**3 - s**2 + s + 2. Determine l(2).
-8
Let p(a) = -6*a - 4. Give p(-6).
32
Let r(m) = m - 25. Give r(15).
-10
Let f(w) = 9*w - 7. Determine f(11).
92
Let b(s) = s**3 - 21*s**2 - 24*s + 53. Determine b(22).
9
Let i(d) = -30*d. Calculate i(-3).
90
Let k(z) = z**3 + 6*z**2 - 17*z - 7. Give k(-9).
-97
Let c(t) = -t**2 - t - 1. Calculate c(2).
-7
Let w(i) = -8*i**2 - 6*i - 10. What is w(-2)?
-30
Let m(o) = -12*o + 6. What is m(2)?
-18
Let l(g) = -2*g**2 - 3*g - 13. Give l(-4).
-33
Let u(o) = -o + 15. What is u(5)?
10
Let m(j) = -4*j - 2. Calculate m(5).
-22
Let a(s) = 6*s**3 - 25*s**2 - s - 1. Give a(4).
-21
Let l(m) = m**2 + 9*m - 88. Determine l(-15).
2
Let j(u) = 5*u**2 + 4*u + 3. Calculate j(-2).
15
Let o(l) = 4*l - 10. Determine o(10).
30
Let b(k) = 9*k + 2. Calculate b(-2).
-16
Let b(o) = -o**2 - 14*o - 32. Determine b(-11).
1
Let w(h) = h**2 + 8*h - 4. What is w(-8)?
-4
Let p(n) = -3*n + 10. Calculate p(0).
10
Let b(q) = q**3 + 5*q**2 - 2*q - 1. Give b(-6).
-25
Let n(v) = -v**2 - 3*v. Calculate n(2).
-10
Let m(n) = 6*n - 1. Give m(-1).
-7
Let u(b) = -7*b - 21. Give u(-6).
21
Let f(l) = 2*l**2 - 5*l + 9. What is f(6)?
51
Let q(n) = 5*n + 10. What is q(-7)?
-25
Let j(g) = -3*g - 12. Determine j(-6).
6
Let z(k) = k**2 + 26*k - 16. Calculate z(-27).
11
Let r(j) = 97*j + 566. Give r(-6).
-16
Let i(z) = 6*z - 40. What is i(7)?
2
Let j(u) = -10*u - 7. Determine j(3).
-37
Let o(c) = -c**3 - 11*c**2 + c - 1. What is o(-11)?
-12
Let p(i) = -i**2 + 4*i + 4. Determine p(4).
4
Let s(j) = 7*j**2 + 2*j - 5. Calculate s(4).
115
Let g(p) = -9*p**2 - 3*p - 1. Determine g(-1).
-7
Let i(a) = 2*a**2 + 12*a + 55. What is i(-5)?
45
Let q(z) = -z**3 + 6*z**2 - 2*z. What is q(4)?
24
Let j(z) = 4*z - 24. Calculate j(7).
4
Let g(m) = -7*m**3 - m**2 + 4*m - 3. Determine g(2).
-55
Let h(w) = w**2 - 11*w + 27. Give h(5).
-3
Let f(b) = b**2 + 154*b - 1126. Calculate f(7).
1
Let f(s) = s**3 + 9*s**2 + 5*s - 9. Determine f(-6).
69
Let a(b) = -27*b + 1625. Calculate a(60).
5
Let r(b) = b**2 + 19*b + 6. Calculate r(-20).
26
Let q(u) = 5*u + 1. Calculate q(-1).
-4
Let s(m) = -m**2 + 4*m - 10. Give s(8).
-42
Let g(c) = 37*c + 139. What is g(-4)?
-9
Let m(z) = -z + 15. Determine m(8).
7
Let j(u) = 4*u**2 - 3*u - 1. Give j(3).
26
Let q(a) = -a**2 + 18*a - 4. Determine q(17).
13
Let m(w) = -w**2 + 19*w - 50. Determine m(13).
28
Let m(k) = -19*k - 5. What is m(2)?
-43
Let d(g) = 5*g + 212. Determine d(-42).
2
Let t(y) = y**2 - 4*y + 2. Determine t(3).
-1
Let d(s) = 3*s**3 + s - 1. What is d(1)?
3
Let t(d) = d**3 - 2*d**2 - 3*d - 2. Calculate t(-2).
-12
Let w(q) = -4*q - 7. Determine w(12).
-55
Let g(f) = -f**3 - 4*f**2 - 2*f - 3. What is g(-3)?
-6
Let s(q) = -q. Calculate s(12).
-12
Let o(j) = 6*j + 138. Give o(-39).
-96
Let p(y) = 3*y + 5. Determine p(-3).
-4
Let b(u) = -u**2 - 7*u + 8. Determine b(0).
8
Let c(x) = x**3 - 11*x**2 + 10*x + 10. Determine c(10).
10
Let p(c) = -5*c**3 + 215*c**2 - c + 48. Determine p(43).
5
Let n(s) = 4*s + 32. Calculate n(-13).
-20
Let z(n) = n**3 - 9*n**2 - 11*n + 9. Calculate z(10).
-1
Let j(y) = y**2 - 8*y - 14. Determine j(6).
-26
Let r(j) = -7*j + 3. Give r(2).
-11
Let m(s) = -s**3 + 4*s**2 + 5*s + 1. Give m(5).
1
Let q(z) = z**2 - 11*z + 9. What is q(9)?
-9
Let c(j) = -4*j**2 - 3*j + 18. What is c(2)?
-4
Let k(q) = -17*q - 14. Determine k(-5).
71
Let h(u) = -u - 42. Determine h(-34).
-8
Let s(k) = -k**3 + 13*k**2 - 19*k + 100. Calculate s(12).
16
Let j(t) = 2*t**2 - 14*t - 168. What is j(-6)?
-12
Let u(j) = j**2 + 4*j + 2. Determine u(4).
34
Let c(i) = -23*i + 210. Determine c(9).
3
Let y(m) = -14*m - 15. Determine y(-4).
41
Let r(o) = -o**2 - 47*o - 458. What is r(-14)?
4
Let p(d) = -2*d**2 - 14*d + 9. Determine p(-8).
-7
Let s(p) = p**3 - 10*p**2 + 12*p - 33. Calculate s(7